e of (-1 - 2) + 5 + (1 + 0 - 2)?
1
Evaluate -20 + 11 - (-1 + (6 + 1 - 3)).
-12
What is the value of -15 - 5 - (30 - 32)?
-18
Evaluate 26 + -2 - 15 - (2 + 4).
3
What is (0 - -23) + -2 + -8?
13
-6 + 10 - 8 - -3
-1
Evaluate (1 - (-4 + -1)) + 343 + -338.
11
Evaluate 6 - (-14 - 2) - -7 - (14 + -6).
21
What is 5 - (-12 - (-16 + 8))?
9
37 + (-3 - (-7 - (-2 - (16 + -7))))
30
17 + -5 + (-10 - (-20 + 5)) + 4
21
Calculate -13 + (-37 + 22 - -21).
-7
What is 111 + -125 + (-1 - (-1 + -42))?
28
Calculate -12 - -26 - (-4 + -1 + 51 + -48).
16
What is (-10 - (-12 - -8)) + (1 - -16)?
11
What is 5 + (-47 - -24) + (3 - -9)?
-6
What is 2 - -19 - (-39 + 48)?
12
Evaluate (0 - -1) + 4 + 29 - (-5 - -10).
29
Evaluate 7 + 3 - -3 - (-6 - (-3 - 8)).
8
Evaluate -23 + 1 + 8 + 18.
4
Calculate 7 - (5 - 2) - (8 + -9) - 6.
-1
What is -16 + 0 - (-58 + (21 - -12))?
9
What is -3 + (9 - 5) + 36 + -28 + -23?
-14
-7 + (0 - 0 - (12 + (-21 - -11)))
-9
3 - (6 + (-8 - -7)) - (-5 + 15)
-12
Calculate -10 - ((72 - 25) + -27 - (9 - -1)).
-20
Calculate 0 - (-3 - (-5 + 3) - (32 + -33)).
0
Calculate -1 - 19 - -35 - 26.
-11
What is the value of -29 + (58 - (52 - 43))?
20
Calculate -1 + -1 + 5 - (25 + -23).
1
What is the value of (-4 - -1) + (-1 - 13 - (143 - 152))?
-8
Evaluate 31 - (35 + -18 - -2).
12
What is (-2 - 3) + -11 + 13 + 0 + 8?
5
221 - 173 - (23 - -2)
23
Evaluate -16 - -17 - (10 + 8 + -9).
-8
Calculate -25 + 30 + 7 + -11.
1
0 + -1 - (69 + -84)
14
Evaluate 0 + 8 - (-15 + (-16 - -35)).
4
What is (1 - -12 - 0) + (-1 - -26 - 26)?
12
19 - (20 + -7) - (-2 - -1)
7
Evaluate -10 - ((-12 - 2) + 2).
2
Calculate -4 + (39 - 13) + -4.
18
What is the value of 16 - 14 - (0 + 17) - -2?
-13
Calculate 8 - (10 + 0 + 7).
-9
Calculate 7 + (-4 - -14) + -5.
12
Evaluate (0 - -1) + (-4 + -2 - -3 - -8).
6
7 + (17 - 21) + -3 + 3
3
What is 10 - -3 - (-6 + 0 - -9)?
10
What is the value of -7 + 13 + -27 + (17 - 4)?
-8
Evaluate -18 + 26 + (4 - 0) - (17 + -15).
10
What is (-5 - -6) + -5 + 18 + 7?
21
What is 18 + -1 + -13 + (-21 - -26) + 6?
15
What is the value of 6 + -26 - (-23 - -21)?
-18
(0 - 5 - (5 + -10 - 5)) + -16
-11
Calculate -26 + 21 + (-1 - (-3 - (-3 + -1))).
-7
Evaluate 8 + 5 + -2 + -1.
10
Evaluate (-18 - (0 + 5)) + 42.
19
3 + (1 - 3) - (18 + -7)
-10
21 - (1 - (-27 - -15))
8
Calculate -10 - 2 - -1 - (937 + -956).
8
-29 - (27 + -48) - -13
5
What is the value of (39 - 8) + -31 + 34?
34
What is the value of (32 + -15 - 4 - 13) + 0 + -3?
-3
Calculate (-14 - 1) + (71 - 54).
2
What is -177 - -192 - (15 - -1)?
-1
Evaluate (-1 - -7) + -79 + 77 + 16 + 0.
20
-5 - (-17 + 25 - (1 + 6)) - -34
28
What is the value of (0 - -15) + (-319 - -314) - 12?
-2
What is (1 + 25 - 61) + 20?
-15
What is the value of 0 - (-10 + -8 + 19 - 0)?
-1
4 + (7 - 5) - 7
-1
11 + -15 - (19 + -36)
13
1 + 0 + (17 - 2) + (-9 - -3)
10
What is the value of 17 - (20 - (-6 - -19))?
10
What is ((6 - -3) + -8 + -11 - -2) + 18?
10
Evaluate (-8 - 1 - -26 - (2 - -3)) + 3.
15
What is the value of 1 + (15 - 45 - -12)?
-17
Calculate 3 - (17 + (12 - 35)).
9
Calculate -32 - (7 + -18) - -19.
-2
Evaluate 3 - ((2 - -3) + -1) - (0 - -10).
-11
What is the value of 3 - (-4 + 10) - (-25 + 29)?
-7
What is 30 - 36 - (-4 - (-4 + 29 + 2))?
25
Calculate -18 + (-16 - -22) + 0.
-12
What is 0 - (-2 - -5 - 21) - (-2 + 5)?
15
What is 22 - 1 - (-295 + 312)?
4
What is the value of -60 - (-9 + -28 + -3)?
-20
-3 - -7 - 1 - -10
13
1 - 0 - (22 - (6 + -6)) - -3
-18
Calculate -233 - -253 - ((-2 - -3) + 7).
12
Calculate (-16 - (-44 + 3)) + (-6 - -6 - -6).
31
3 + -8 + (-4 + 11 - 12 - -4)
-6
What is the value of -15 + -20 + 8 + 16 + -1 + 1?
-11
-8 - 38 - -47 - (1 - (1 - -3))
4
Evaluate (-2 - -4) + (-7 + 11 - -9 - 11).
4
What is (6 - 2) + (36 - 38)?
2
12 - (-19 + 19 - -1)
11
Calculate (-6 - (-9 + -3) - -1) + (-1 - 25).
-19
What is the value of 2 + (7 - (-13 - -5)) - (20 + -29)?
26
Calculate (55 - 26) + -25 - (1 - (0 - -1)).
4
What is 8 + (-4 - (10 + -8)) + -7?
-5
Calculate -115 + 93 - (-2 - (-4 + 6)).
-18
Evaluate -12 - (4 + 10 + -5).
-21
What is the value of 41 - 27 - (19 + (-5 - -6))?
-6
Calculate (7 - (0 + 1) - 4) + -5 + 14.
11
Calculate (22 - 17) + 3 + (9 - 22).
-5
(-44 - -14 - -21) + 2
-7
Evaluate (1147 - 1141) + (0 + 1 - 0) + 5.
12
Calculate -1 + 6 + -3 + -107 + 116.
11
Evaluate 4 + -6 + 14 - 13.
-1
(4 - -2) + 0 - ((-19 - -10) + 16)
-1
Calculate -1 + 20 + -3 - (-21 + 15).
22
Evaluate 34 + -18 + -49 + 42.
9
Calculate -5 - ((-38 - -15) + 14).
4
Evaluate 27 - (5 + -5 + 2) - 14.
11
Evaluate -9 - (-17 + 10 + 3).
-5
What is 1 + -27 + (157 - 143) - 12?
-24
What is -16 + (-5 - -20) - (-2 + 0 + 0)?
1
27 + 1 + 3 - 22
9
Evaluate 13 + 3 + 1 - (418 + -424).
23
Calculate (-10 - -5 - 9) + 25.
11
What is -10 - 0 - (2 - (-4 - (-5 + -3)))?
-8
Evaluate (3 - 1) + (-19 - 3 - -28).
8
Evaluate 41 + 15 + -39 + -5.
12
What is the value of 10 + -1 + -22 + 13 - -2?
2
Calculate (16 - (5 + 6)) + -8.
-3
-7 - 3 - -8 - 8
-10
What is -1 - 14 - -11 - 23?
-27
8 + -9 + -1 + (4 - -4)
6
-6 + (-6 - (-5 + -6 + 2))
-3
(-19 - 2) + (-15 - -2) + 22
-12
What is -6 + 1 + (-73 - (-68 + -5))?
-5
27 + (-17 - -6) + -5
11
What is the value of (-14 - -9) + (2 - -1) - 13?
-15
Evaluate 7 - (-36 - (-11 - (0 - -7))).
25
21 + (-2 - -3) + -345 + 342
19
Evaluate 1 + (82 - 69 - (-1 + -3)).
18
-7 - (-19 - -5) - 10 - 14
-17
What is -4 + 2 - (-17 - (16 - (2 + 38)))?
-9
Evaluate -25 + 27 - (3 - (5 + -3)).
1
(26 - 20) + -23 + 18 + 6 + 1
8
Calculate -1 + 1 - (43 - 45) - -10.
12
-4 - (-18 - (-11 + 16 - 11))
8
Calculate -26 + (2 - -7 - (38 + -26)).
-29
-4 + (13 - 13) + 17
13
143 + -145 + -29 + 3
-28
What is (36 - 24) + -4 + (-1 - (-2 + -5))?
14
29 + 0 + -11 + 26 + -11 + -11
22
4 - (-1 + (-19 - -15))
9
Calculate 2 + (12 - 2 - (-12 - -12)).
12
Calculate (2 - (-10 + (22 - 17))) + (-1 - -8).
14
What is the value of 33 + -5 + 2 + (34 - 36)?
28
What is -17 + -93 + 96 + (9 - -2)?
-3
What is (4 - -14) + (-41 + 22 - -24)?
23
Calculate (-20 - (-9 + -20)) + -11 - -13.
11
What is the value of -2 - (0 - 3) - (21 - 20)?
0
What is -6 + 1 - (7 + 0 + -6)?
-6
Evaluate (-9 + (-11 - -9) - -13) + (5 - 1).
6
What is the value of -3 + 8 + (-48 - -48) - -12?
17
What is (-3 - 3) + (-33 - -32) + 1?
-6
Evaluate (2 - (-76 + 27)) + -30.
21
Calculate (3 - (3 + 1)) + 2 + 35 + -40.
-4
What is (5 - 11 - (-12 + 5)) + -8 - 13?
-20
What is the value of 16 + -15 + (14 - -11) - (-2 - -1)?
27
Calculate -9 + -26 + 5 - -11.
-19
-7 + (16 - 18) + (4 - 3)
-8
(-9 - (-8 - -5)) + 2 + -2 + 3
-3
Calculate -40 - (34 - 57) - (2 - 4).
-15
-3 + -2 - (-5 - (3 + (5 - 8)))
0
Evaluate 9 + 3 + -6 + 14 + -4.
16
What is 1 + (1 - 1 - (-4 + 7)) + 2?
0
Calculate -3 + 19 + -5 + -24 + 0 + -2.
-15
Calculate -7 + (-50 - -53 - (1 - 5)).
0
What is the value of (-43 - (-78 + 36)) + 32?
31
Evaluate -33 + (-34 - -21) + 26.
-20
Calculate (0 - -4) + (15 - (1 - 2 - -11)).
9
Calculate 636 + -601 + 3 + (-2 - 2) + -5.
29
What is 1394 + -1399 - (-1 - (17 + 1) - 0)?
14
Evaluate 28 - ((102 - 26) + -24).
-24
What is -2590 - -2585 - (28 - (2 + -1))?
-32
Evaluate 8 - 3 - (2 + 5 + -8 - 0).
6
Evaluate 172 + -187 + -1 + 2.
-14
Calculate 14 - (-15 - (-1 + -2)) - 19.
7
-6 - (2 + -4 + 1)
-5
Evaluate -1 - -3 - ((-42 - -21) + 36).
-13
(-3 - (11 - (7 + 23))) + -13
3
What is the value of 9 + (-17 - (1 + -12)) - 12?
-9
Calculate (-2 - 4) + (5 - 15) - 4.
-20
What is -361 - -339 - (1 + -39)?
16
What is the value of -6 + -4 + 15 - (5 + -5)?
5
What is the value of -16 + 22 + (4 - 21)?
-11
-1 + 2 + -13 + 17 + (0 - -7)
12
18 + -1 - (49 + -37 - (5 + 0))
10
What is the value of 16 - (31 + -11) - (-4 + -1) - 21?
-20
What is (27 - 21) + 48 + -53?
1
Evaluate (1 - 5) + (-9 - -3).
-10
What is the value of -2 - (4 + 4 + -2) - 1 - 1?
-10
Evaluate 17 - ((24 - 12) + -6).
11
Evaluate 3 - ((3 + 0 - (-13 + 21)) + 1).
7
7 + 0 + -10 + 1 + 14 + 3
15
What is the value of 2 - 1 - 0 - (25 - 97 - -80)?
-7
What is the value of -59 - -53 - (0 + -2 - (0 - -28))?
24
(-1 + 6 - 2 - 1) + 3 + 6
11
Calculate -16 + 18 + -3 + 15.
14
Evaluate (-7 - -4) + (1 - (-3 - -10)) + 6.
-3
What is the value of (6 - 1 - 5) + -4 + 13 + -6?
3
Evaluate 8 + 5 + -10 + -13.
-10
-12 + 7 - 0 - (-4 + -2 + 3)
-2
(215 - 170) + -24 + 4
25
What is 14 - (25 - 24) - (45 - 1)?
-31
Evaluate (-14 + 12 - -2) + 0 + -7.
-7
What is 13 - (-7 - (-7 - 30)) - -22?
5
Calculate -40 + (11 + -1 - (23 - (7 - -17))).
-29
Ev